et y(h) = 87*h + 2006. Determine y(-23).
5
Let d(p) = -21126*p - 105631. Give d(-5).
-1
Let a(j) = -j**2 - 28*j - 19. What is a(-29)?
-48
Let i(n) = n**2 + 22*n + 432. Give i(0).
432
Let p(i) = 2*i + 76. Determine p(-37).
2
Let o(r) = -2872*r + 11457. Determine o(4).
-31
Let j(d) = 12*d**2 + 77*d + 26. Determine j(-6).
-4
Let l(u) = 3*u - 171. Determine l(48).
-27
Let i(q) = -q**2 - 101*q - 2029. Calculate i(-28).
15
Let f(m) = 2*m**2 + 38*m - 65. What is f(0)?
-65
Let l(o) = o**3 + o**2 + o + 46. Give l(0).
46
Let k(l) = -24*l - 517. What is k(-20)?
-37
Let c(w) = -w**3 + 57*w**2 + 65*w - 699. Give c(-4).
17
Let p(w) = 10*w**3 + 29*w**2 + 6*w + 3. Calculate p(2).
211
Let y(b) = 3*b**3 + 3*b**2 - 12*b + 14. Give y(3).
86
Let i(y) = 55*y**2 + 994*y + 46. Determine i(-18).
-26
Let t(r) = 3*r**2 - 48*r - 70. Determine t(22).
326
Let x(h) = h**3 - 18*h**2 - 1065*h + 260. Determine x(-25).
10
Let d(x) = -x**2 - 44*x - 278. Give d(-36).
10
Let y(w) = -211*w + 583. Calculate y(0).
583
Let w(z) = -3*z**2 - 259*z - 1943. Determine w(-78).
7
Let i(h) = 2*h**2 + 38*h + 34. What is i(-16)?
-62
Let r(t) = 26*t**2 - 8*t - 26. What is r(-3)?
232
Let k(n) = 21*n + 864. Determine k(-56).
-312
Let s(b) = b**3 - 15*b**2 + 197*b - 2223. Calculate s(13).
0
Let j(q) = 5*q**2 - 6*q + 14. Calculate j(5).
109
Let w(k) = -4*k**2 + 35*k - 185. Calculate w(5).
-110
Let p(h) = 181*h**2 + 722*h + 3. Give p(-4).
11
Let z(k) = -375*k - 1125. Calculate z(-3).
0
Let j(y) = -110*y**2 - 4294*y - 165. Give j(-39).
-9
Let b(a) = 181*a - 1758. Determine b(9).
-129
Let r(t) = 122*t**2 + 386*t + 386. What is r(-1)?
122
Let z(u) = -3*u**3 + 4*u**2 - 55*u + 52. Give z(1).
-2
Let g(t) = -t**3 + 14*t**2 + 86*t + 133. Calculate g(19).
-38
Let s(p) = p**3 + 79*p**2 - 3*p - 209. Determine s(-79).
28
Let j(s) = 6*s**2 + 259*s + 50. Calculate j(-43).
7
Let o(j) = 15*j**3 + 150*j**2 - 7*j - 9. What is o(-10)?
61
Let t(c) = -2*c**2 - 40*c + 46. Calculate t(-21).
4
Let o(d) = -439*d + 3011. What is o(7)?
-62
Let z(q) = 120*q**2 - 772*q + 312. What is z(6)?
0
Let b(v) = 145*v - 1743. Determine b(12).
-3
Let h(z) = -3*z**2 + 79*z - 252. Give h(23).
-22
Let t(m) = 62*m + 731. Calculate t(-12).
-13
Let z(d) = -10*d**2 - 79*d - 28. Determine z(-8).
-36
Let g(l) = -260*l + 3045. Calculate g(12).
-75
Let p(k) = 10*k**3 + 3*k**2 - 11*k + 22. Determine p(4).
666
Let p(a) = 9*a**2 + 21*a - 1. Calculate p(-4).
59
Let v(i) = -i**3 - 11*i**2 - 15*i - 25. Calculate v(-9).
-52
Let p(f) = -360*f - 4675. What is p(-13)?
5
Let i(n) = 5*n**2 - 13*n - 61. What is i(-6)?
197
Let v(i) = -i**2 - 10*i - 96. Calculate v(-15).
-171
Let o(i) = -i**2 - 13*i + 89. Calculate o(-25).
-211
Let j(r) = r**3 + 16*r**2 - 17*r - 396. Calculate j(-17).
-396
Let l(i) = -i**3 + 19*i**2 - 2*i - 6. Determine l(19).
-44
Let j(a) = 2*a**2 + 368*a - 70437. Calculate j(-301).
-3
Let u(b) = -b**3 + 11*b**2 - 2*b + 18. What is u(11)?
-4
Let a(b) = -18*b - 812. Determine a(-45).
-2
Let x(w) = -57*w - 59. Determine x(-3).
112
Let p(g) = g**2 + 52*g + 86. Give p(-49).
-61
Let p(t) = 246*t**2 - 3203*t + 46. Give p(13).
-19
Let y(v) = -2*v**3 - 18*v**2 - 17*v - 47. Calculate y(-9).
106
Let i(u) = -u**2 - 403*u - 36053. What is i(-269)?
-7
Let p(f) = -f**3 - 33*f**2 + 19*f + 1630. What is p(-32)?
-2
Let y(r) = 2*r**3 + 8*r**2 - 14*r - 20. Give y(-6).
-80
Let s(o) = 205*o + 2819. Calculate s(-14).
-51
Let w(x) = 427*x - 2141. What is w(5)?
-6
Let n(u) = -13*u + 487. Give n(37).
6
Let c(n) = 584*n - 1777. Determine c(3).
-25
Let y(v) = 4*v**2 - 168*v - 16. What is y(0)?
-16
Let d(a) = 8*a**2 - 43*a + 12. What is d(5)?
-3
Let y(x) = 10*x - 33. Calculate y(7).
37
Let l(m) = 108*m + 4007. What is l(-37)?
11
Let s(g) = -79*g + 974. Determine s(13).
-53
Let k(i) = -20*i - 1081. Determine k(-49).
-101
Let s(m) = 57*m + 36. What is s(9)?
549
Let m(l) = -l**2 - 107*l + 4227. Give m(-138).
-51
Let c(q) = 87*q + 644. Give c(-8).
-52
Let t(l) = -49*l - 2999. Give t(-62).
39
Let z(l) = l**3 + 17*l**2 + 38*l + 356. Give z(-16).
4
Let o(k) = -3*k**2 - 198*k - 1506. Determine o(-8).
-114
Let s(b) = 7*b**3 - 34*b**2 - 67*b + 133. What is s(6)?
19
Let r(t) = -68*t - 261. Calculate r(-7).
215
Let d(u) = 2*u**3 - 228*u**2 - 7614*u - 3. Calculate d(-27).
-3
Let i(k) = 345*k + 1124. What is i(-2)?
434
Let y(g) = -g**2 + 269*g - 9021. Give y(39).
-51
Let g(l) = 3*l**2 + 239*l + 2691. What is g(-66)?
-15
Let u(x) = -3*x**2 - 59*x + 163. Determine u(-20).
143
Let i(z) = 564*z + 8450. Calculate i(-15).
-10
Let t(r) = r**3 + 11*r**2 - 8*r - 279. Calculate t(-7).
-27
Let y(a) = 42*a - 2299. Calculate y(56).
53
Let m(w) = w**2 + 157*w - 972. Give m(6).
6
Let s(l) = 327*l - 3955. Give s(12).
-31
Let v(d) = 1660*d - 44805. Give v(27).
15
Let d(i) = -4*i**2 - 124*i - 114. What is d(-30)?
6
Let c(r) = r**3 + 12*r**2 - 213*r - 509. Calculate c(-21).
-5
Let g(h) = 19*h + 260. Determine g(-9).
89
Let c(u) = 21*u**3 + u**2 + 5*u - 7. Give c(1).
20
Let c(b) = 28*b - 24. Calculate c(5).
116
Let o(d) = -d**2 + 79*d - 1055. Determine o(18).
43
Let p(z) = z**2 + 25*z - 165. Determine p(-33).
99
Let d(w) = -w**3 + 20*w**2 + 228*w - 114. Give d(28).
-2
Let s(x) = -16*x + 13. Give s(-2).
45
Let h(w) = -w**3 - 63*w**2 - 399*w - 66. Give h(-7).
-17
Let t(s) = 2*s**2 - 32*s - 248. Calculate t(-6).
16
Let i(x) = x**3 + 29*x**2 - 1276*x - 203. Give i(-53).
9
Let v(i) = 228*i - 2524. Give v(11).
-16
Let g(s) = -3*s**2 - 7*s - 45. Determine g(-6).
-111
Let m(f) = 241*f + 30583. What is m(-127)?
-24
Let s(g) = -99*g + 194. Give s(2).
-4
Let s(t) = 7*t**2 + 128*t - 31. What is s(-17)?
-184
Let w(z) = 205*z + 10032. Calculate w(-49).
-13
Let b(o) = 269*o + 1616. What is b(-6)?
2
Let u(x) = -x**3 - 44*x**2 - 83*x + 31. What is u(-42)?
-11
Let g(u) = -415*u - 2509. What is g(-6)?
-19
Let j(h) = -383*h**2 + 47*h - 45. Calculate j(1).
-381
Let y(b) = -5*b - 100. Calculate y(-21).
5
Let m(d) = 20*d + 95. What is m(4)?
175
Let i(d) = -108*d**2 + 54*d. What is i(-2)?
-540
Let z(j) = j**3 + 76*j**2 + 236*j - 4. Determine z(-3).
-55
Let l(f) = f**2 - 8*f - 51. Give l(-7).
54
Let l(p) = -p**2 + 410*p + 1659. What is l(-4)?
3
Let y(h) = h**3 + 2*h**2 - 147*h + 562. Give y(4).
70
Let z(y) = y**3 + 2*y**2 - 23*y + 94. Give z(-8).
-106
Let v(c) = 38*c**2 + 23*c + 14. Determine v(-5).
849
Let j(g) = 9*g**2 - 340*g - 339. Calculate j(-1).
10
Let l(p) = p**3 + 26*p**2 - 463*p + 46. Determine l(-38).
312
Let y(d) = -1732*d - 5198. Determine y(-3).
-2
Let k(s) = 2*s**2 - 62*s - 82. What is k(38)?
450
Let b(g) = g**2 - 1548*g - 9282. Calculate b(-6).
42
Let h(m) = -2*m**3 + 6*m**2 - m + 3. Calculate h(4).
-33
Let v(t) = 155*t - 3876. Determine v(25).
-1
Let m(z) = -11*z**2 - 30*z - 13. Give m(-5).
-138
Let q(a) = a**2 + 4*a - 47. Calculate q(5).
-2
Let x(n) = n**2 - 18*n - 471. Determine x(-13).
-68
Let f(g) = 176*g + 305. Determine f(-5).
-575
Let k(c) = -4*c**2 + 457*c + 310. Give k(115).
-35
Let q(t) = -t**2 + 4*t + 127. What is q(0)?
127
Let v(q) = -q**2 - 81*q - 164. Determine v(-2).
-6
Let f(h) = -2*h**2 - 63*h + 75. What is f(-33)?
-24
Let p(q) = 3363*q + 232049. Give p(-69).
2
Let c(w) = -2*w**3 + 11*w**2 - 7*w + 81. Calculate c(8).
-295
Let j(t) = t**3 - 5*t**2 - 41*t - 17. Determine j(-5).
-62
Let x(g) = 4*g**2 - 59*g - 27. Calculate x(15).
-12
Let n(z) = 7*z**3 - 3*z**2 + 41*z - 39. Determine n(1).
6
Let j(f) = -4*f**3 + 13*f**2 - f. Determine j(1).
8
Let d(m) = 5*m**2 - 197*m + 1368. Give d(9).
0
Let x(q) = 1350*q - 5. Give x(0).
-5
Let m(z) = 15*z - 26. Give m(-6).
-116
Let u(x) = 845*x + 1718. Calculate u(-2).
28
Let u(i) = -10*i**2 + 4*i + 71. Determine u(-6).
-313
Let y(w) = -w**3 - 35*w**2 + 124*w + 100. Give y(-38).
-280
Let b(h) = h**3 + 20*h**2 + 3*h + 68. Calculate b(-20).
8
Let b(v) = 1548*v - 4687. Give b(3).
-43
Let x(r) = -15*r**3 - 107*r**2 - 15*r - 10. Calculate x(-7).
-3
Let n(d) = 24*d + 742. What is n(-31)?
-2
Let g(k) = -28*k - 26. Give g(-2).
30
Let s(y) = y**3 - 7*y**2 + 9*y - 10. Determine s(5).
-15
Let q(u) = 2*u**2 - 92*u + 1084. What is q(16)?
124
Let a(n) = 127*n - 3629. Determine a(28).
-73
Let o(h) = h**2 + 559*h - 3954. Give o(7).
8
Let u(y) = -y**2 - 56*y + 1176. Determine u(16).
24
Let o(f) = -30*f**2 - 23*f + 22. Determine o(1).
-31
Let f(h) = -50*h - 49. Calculate f(-2).
51